{"id":108,"date":"2022-11-13T12:02:51","date_gmt":"2022-11-13T12:02:51","guid":{"rendered":"https:\/\/jennasoufi-psychologue.fr\/?page_id=108"},"modified":"2022-11-13T13:00:35","modified_gmt":"2022-11-13T13:00:35","slug":"108-2","status":"publish","type":"page","link":"https:\/\/jennasoufi-psychologue.fr\/","title":{"rendered":"Site en construction"},"content":{"rendered":"<p>[et_pb_section fb_built=&#8221;1&#8243; admin_label=&#8221;Header&#8221; _builder_version=&#8221;4.18.1&#8243; _module_preset=&#8221;default&#8221; use_background_color_gradient=&#8221;on&#8221; background_color_gradient_stops=&#8221;#2e5b61 25%|rgba(46,91,97,0) 100%&#8221; background_color_gradient_overlays_image=&#8221;on&#8221; background_image=&#8221;http:\/\/jennasoufi-psychologue.fr\/wp-content\/uploads\/2022\/10\/image-de-fond.png&#8221; background_position=&#8221;top_center&#8221; width=&#8221;100%&#8221; min_height=&#8221;517.8px&#8221; custom_padding=&#8221;0px|1px|1vw|180px|false|false&#8221; bottom_divider_style=&#8221;curve&#8221; bottom_divider_color=&#8221;#e5e8f0&#8243; bottom_divider_height=&#8221;8vw&#8221; locked=&#8221;off&#8221; collapsed=&#8221;on&#8221; global_colors_info=&#8221;{}&#8221;][et_pb_row _builder_version=&#8221;4.18.1&#8243; _module_preset=&#8221;default&#8221; width=&#8221;62.6%&#8221; width_tablet=&#8221;80%&#8221; width_phone=&#8221;80%&#8221; width_last_edited=&#8221;on|tablet&#8221; custom_margin=&#8221;|289px||auto||&#8221; global_colors_info=&#8221;{}&#8221; width__hover_enabled=&#8221;off|desktop&#8221;][et_pb_column type=&#8221;4_4&#8243; _builder_version=&#8221;4.17.1&#8243; _module_preset=&#8221;default&#8221; global_colors_info=&#8221;{}&#8221;][et_pb_text _builder_version=&#8221;4.18.1&#8243; _module_preset=&#8221;c16985e1-e0d6-4022-964d-e2bfc04fa633&#8243; header_font=&#8221;Cormorant Garamond|700|||||||&#8221; header_text_color=&#8221;#E1ECEA&#8221; header_font_size=&#8221;90px&#8221; header_line_height=&#8221;1.1em&#8221; text_orientation=&#8221;center&#8221; custom_margin=&#8221;|-13px|0px||false|false&#8221; custom_padding=&#8221;|0px||||&#8221; header_font_size_tablet=&#8221;40px&#8221; header_font_size_phone=&#8221;24px&#8221; header_font_size_last_edited=&#8221;on|desktop&#8221; global_colors_info=&#8221;{}&#8221;]<\/p>\n<h1>Jenna SOUFI Psychologue<\/h1>\n<p>[\/et_pb_text][et_pb_text content_tablet=&#8221;<\/p>\n<h2 style=%22text-align: center;%22><em><span style=%22color: #ffffff;%22>Enfant\/adolescent<\/span><\/em><\/h2>\n<h2 style=%22text-align: center;%22><em><span style=%22color: #ffffff;%22>&#038; orientation scolaire<\/span><\/em><\/h2>\n<p>&#8221; content_phone=&#8221;<\/p>\n<p style=%22text-align: center;%22><em><span style=%22color: #ffffff;%22>Enfant\/adolescent<\/span><\/em><\/p>\n<p style=%22text-align: center;%22><em><span style=%22color: #ffffff;%22>&#038; orientation scolaire<\/span><\/em><\/p>\n<p>&#8221; content_last_edited=&#8221;on|tablet&#8221; _builder_version=&#8221;4.18.1&#8243; _module_preset=&#8221;default&#8221; text_letter_spacing=&#8221;1px&#8221; header_letter_spacing=&#8221;5px&#8221; global_colors_info=&#8221;{}&#8221;]<\/p>\n<h2 style=\"text-align: center;\"><em><span style=\"color: #ffffff;\">Enfant\/adolescent<\/span><\/em><\/h2>\n<h2 style=\"text-align: center;\"><em><span style=\"color: #ffffff;\">&amp; orientation scolaire<\/span><\/em><\/h2>\n<p>[\/et_pb_text][et_pb_text _builder_version=&#8221;4.18.1&#8243; _module_preset=&#8221;1f09816e-184e-4ce5-a4cf-b39c52c423ca&#8221; text_font=&#8221;Inter||||||||&#8221; text_text_color=&#8221;#E1ECEA&#8221; text_font_size=&#8221;18px&#8221; text_line_height=&#8221;1.8em&#8221; text_orientation=&#8221;center&#8221; custom_margin=&#8221;-3px|||||&#8221; text_font_size_tablet=&#8221;16px&#8221; text_font_size_phone=&#8221;14px&#8221; text_font_size_last_edited=&#8221;on|tablet&#8221; header_font_size_tablet=&#8221;55px&#8221; header_font_size_last_edited=&#8221;off|desktop&#8221; global_colors_info=&#8221;{}&#8221;]<\/p>\n<p>Mon site est en cours de construction mais vous pouvez d\u00e8s \u00e0 pr\u00e9sent prendre rendez-vous sur Doctolib via le lien ci-dessous.<\/p>\n<p>[\/et_pb_text][et_pb_button button_url=&#8221;http:\/\/www.doctolib.fr\/psychologue\/lyon\/soufi-jenna?utm_campaign=google-maps&#038;utm_content=lyon&#038;utm_medium=organic&#038;utm_source=google&#038;utm_term=psychologue&#8221; button_text=&#8221;Make An Appointment&#8221; button_alignment=&#8221;center&#8221; _builder_version=&#8221;4.18.1&#8243; _module_preset=&#8221;f489fdc3-bf1e-40c7-852b-c42851d4acb9&#8243; custom_button=&#8221;on&#8221; button_text_size=&#8221;14px&#8221; button_text_color=&#8221;#2E5B61&#8243; button_bg_color=&#8221;#FFFFFF&#8221; button_border_width=&#8221;0px&#8221; button_border_radius=&#8221;50px&#8221; button_font=&#8221;Inter|600|||||||&#8221; custom_padding=&#8221;20px|40px|20px|40px|true|true&#8221; global_colors_info=&#8221;{}&#8221;][\/et_pb_button][et_pb_image src=&#8221;http:\/\/jennasoufi-psychologue.fr\/wp-content\/uploads\/2022\/11\/therapy-52.png&#8221; title_text=&#8221;therapy-52&#8243; force_fullwidth=&#8221;on&#8221; _builder_version=&#8221;4.18.1&#8243; _module_preset=&#8221;default&#8221; custom_margin=&#8221;280px|||||&#8221; global_colors_info=&#8221;{}&#8221;][\/et_pb_image][\/et_pb_column][\/et_pb_row][\/et_pb_section][et_pb_section fb_built=&#8221;1&#8243; admin_label=&#8221;Contact&#8221; _builder_version=&#8221;4.18.1&#8243; _module_preset=&#8221;default&#8221; background_color=&#8221;rgba(173,203,199,0.88)&#8221; use_background_color_gradient=&#8221;on&#8221; background_color_gradient_stops=&#8221;#e5e8f0 0%|rgba(229,232,240,0) 30%&#8221; background_enable_image=&#8221;off&#8221; custom_padding=&#8221;71px||0px|||&#8221; collapsed=&#8221;on&#8221; global_colors_info=&#8221;{}&#8221;][et_pb_row column_structure=&#8221;1_2,1_2&#8243; _builder_version=&#8221;4.18.1&#8243; _module_preset=&#8221;default&#8221; custom_padding=&#8221;||60px|0px||&#8221; global_colors_info=&#8221;{}&#8221;][et_pb_column type=&#8221;1_2&#8243; _builder_version=&#8221;4.18.1&#8243; _module_preset=&#8221;default&#8221; global_colors_info=&#8221;{}&#8221;][et_pb_text _builder_version=&#8221;4.18.1&#8243; _module_preset=&#8221;default&#8221; text_text_color=&#8221;#0f606b&#8221; global_colors_info=&#8221;{}&#8221;]<\/p>\n<p class=\"ok-Wdg UPenfA RVfbug\"><span class=\"S1PPyQ\">J\u2019accompagne les enfants et adolescents ainsi que leurs familles en leur offrant un espace de parole et d\u2019\u00e9coute dont ils ont besoin pour aborder les difficult\u00e9s rencontr\u00e9es.<\/span><\/p>\n<p class=\"ok-Wdg UPenfA RVfbug\"><span class=\"S1PPyQ\">En consultation individuelle, je propose un accompagnement psychologique autour des probl\u00e9matiques suivantes : difficult\u00e9s d\u2019apprentissages, gestion des \u00e9motions, confiance en soi etc. &#8230;, mais \u00e9galement des bilans psychologiques approfondis afin d\u2019\u00e9valuer le fonctionnement cognitif et la maturit\u00e9 affective de l\u2019enfant\/adolescent.<\/span><\/p>\n<p class=\"ok-Wdg UPenfA RVfbug\"><span class=\"S1PPyQ\">En fonction des conclusions du bilan, un accompagnement psychologique peut \u00eatre pr\u00e9conis\u00e9 afin d\u2019accompagner l\u2019enfant dans ses difficult\u00e9s et lui donner les cl\u00e9s n\u00e9cessaires pour mieux les accepter et les g\u00e9rer.<\/span><\/p>\n<p>[\/et_pb_text][\/et_pb_column][et_pb_column type=&#8221;1_2&#8243; _builder_version=&#8221;4.18.1&#8243; _module_preset=&#8221;default&#8221; global_colors_info=&#8221;{}&#8221;][et_pb_image src=&#8221;http:\/\/jennasoufi-psychologue.fr\/wp-content\/uploads\/2022\/11\/therapy-33.jpg&#8221; title_text=&#8221;therapy-33&#8243; _builder_version=&#8221;4.18.1&#8243; _module_preset=&#8221;default&#8221; custom_padding=&#8221;||1px|||&#8221; global_colors_info=&#8221;{}&#8221;][\/et_pb_image][\/et_pb_column][\/et_pb_row][\/et_pb_section][et_pb_section fb_built=&#8221;1&#8243; custom_padding_last_edited=&#8221;on|desktop&#8221; admin_label=&#8221;Footer&#8221; _builder_version=&#8221;4.18.1&#8243; _module_preset=&#8221;default&#8221; background_color=&#8221;#0f606b&#8221; background_image=&#8221;http:\/\/jennasoufi-psychologue.fr\/wp-content\/uploads\/2022\/11\/therapy-51-1.png&#8221; background_size=&#8221;contain&#8221; background_position=&#8221;top_center&#8221; background_vertical_offset=&#8221;0%&#8221; custom_padding=&#8221;10vw||||false|false&#8221; custom_padding_tablet=&#8221;||||false|false&#8221; custom_padding_phone=&#8221;||||false|false&#8221; top_divider_height=&#8221;148px&#8221; top_divider_repeat=&#8221;1x&#8221; saved_tabs=&#8221;all&#8221; collapsed=&#8221;on&#8221; global_colors_info=&#8221;{}&#8221;][et_pb_row column_structure=&#8221;1_3,1_3,1_3&#8243; _builder_version=&#8221;4.17.3&#8243; _module_preset=&#8221;default&#8221; width=&#8221;84.4%&#8221; global_colors_info=&#8221;{}&#8221;][et_pb_column type=&#8221;1_3&#8243; _builder_version=&#8221;4.17.1&#8243; _module_preset=&#8221;default&#8221; global_colors_info=&#8221;{}&#8221;][\/et_pb_column][et_pb_column type=&#8221;1_3&#8243; _builder_version=&#8221;4.17.1&#8243; _module_preset=&#8221;default&#8221; global_colors_info=&#8221;{}&#8221;][et_pb_text _builder_version=&#8221;4.18.1&#8243; _module_preset=&#8221;4827deed-2a92-4d97-a22f-f01067ae6873&#8243; header_font=&#8221;||||||||&#8221; header_4_font=&#8221;Inter|700|||||||&#8221; header_4_text_color=&#8221;#FFFFFF&#8221; header_4_font_size=&#8221;22px&#8221; header_4_line_height=&#8221;1.6em&#8221; custom_margin=&#8221;||0px|-80px|false|false&#8221; header_4_font_size_tablet=&#8221;20px&#8221; header_4_font_size_phone=&#8221;16px&#8221; header_4_font_size_last_edited=&#8221;on|phone&#8221; global_colors_info=&#8221;{}&#8221;]<\/p>\n<h4>Pratiques actuelles<\/h4>\n<p>[\/et_pb_text][et_pb_text _builder_version=&#8221;4.18.1&#8243; _module_preset=&#8221;1f09816e-184e-4ce5-a4cf-b39c52c423ca&#8221; text_font=&#8221;Inter||||||||&#8221; text_text_color=&#8221;#E1ECEA&#8221; text_font_size=&#8221;18px&#8221; text_line_height=&#8221;1.8em&#8221; link_text_color=&#8221;#E1ECEA&#8221; custom_margin=&#8221;|97px||-78px||&#8221; text_font_size_tablet=&#8221;16px&#8221; text_font_size_phone=&#8221;14px&#8221; text_font_size_last_edited=&#8221;on|tablet&#8221; header_font_size_tablet=&#8221;55px&#8221; header_font_size_last_edited=&#8221;off|desktop&#8221; global_colors_info=&#8221;{}&#8221;]<\/p>\n<p>Consultations psychologiques<br \/>Guidance parentale<br \/>Bilan psychologique\u00a0 \u00a0 \u00a0 \u00a0 \u00a0 \u00a0 \u00a0 \u00a0 \u00a0 Bilan d&#8217;orientation scolaire\u00a0 \u00a0 \u00a0 \u00a0 \u00a0 \u00a0 et professionnel&#8230;<\/p>\n<p>[\/et_pb_text][\/et_pb_column][et_pb_column type=&#8221;1_3&#8243; _builder_version=&#8221;4.17.1&#8243; _module_preset=&#8221;default&#8221; global_colors_info=&#8221;{}&#8221;][et_pb_text _builder_version=&#8221;4.17.1&#8243; _module_preset=&#8221;4827deed-2a92-4d97-a22f-f01067ae6873&#8243; header_font=&#8221;||||||||&#8221; header_4_font=&#8221;Inter|700|||||||&#8221; header_4_text_color=&#8221;#FFFFFF&#8221; header_4_font_size=&#8221;22px&#8221; header_4_line_height=&#8221;1.6em&#8221; width=&#8221;100%&#8221; custom_margin=&#8221;||0px|-70px|false|false&#8221; header_4_font_size_tablet=&#8221;20px&#8221; header_4_font_size_phone=&#8221;16px&#8221; header_4_font_size_last_edited=&#8221;on|phone&#8221; locked=&#8221;off&#8221; global_colors_info=&#8221;{}&#8221;]<\/p>\n<h4>Contact<\/h4>\n<p>[\/et_pb_text][et_pb_text _builder_version=&#8221;4.18.1&#8243; _module_preset=&#8221;1f09816e-184e-4ce5-a4cf-b39c52c423ca&#8221; text_font=&#8221;Inter||||||||&#8221; text_text_color=&#8221;#E1ECEA&#8221; text_font_size=&#8221;18px&#8221; text_line_height=&#8221;1.8em&#8221; link_text_color=&#8221;#E1ECEA&#8221; custom_margin=&#8221;|||-71px||&#8221; text_font_size_tablet=&#8221;16px&#8221; text_font_size_phone=&#8221;14px&#8221; text_font_size_last_edited=&#8221;on|tablet&#8221; header_font_size_tablet=&#8221;55px&#8221; header_font_size_last_edited=&#8221;off|desktop&#8221; locked=&#8221;off&#8221; global_colors_info=&#8221;{}&#8221;]<\/p>\n<p><span>06-28-40-78-22<\/span><br \/><a href=\"mailto:contact@jennasoufi-psychologue.fr\">contact@jennasoufi-psychologue.fr<\/a><\/p>\n<p>Cabinet param\u00e9dical<br \/>1, place des Douves\u00a0 \u00a0 \u00a0 \u00a0 \u00a0 \u00a0 \u00a0 \u00a0 \u00a0 \u00a0 \u00a0 \u00a0 \u00a0 \u00a0 \u00a0 \u00a0 \u00a0 78960 Voisins le Bretonneux<\/p>\n<p>[\/et_pb_text][et_pb_social_media_follow icon_color=&#8221;#E1ECEA&#8221; _builder_version=&#8221;4.18.1&#8243; _module_preset=&#8221;default&#8221; global_colors_info=&#8221;{}&#8221;][\/et_pb_social_media_follow][\/et_pb_column][\/et_pb_row][\/et_pb_section]<\/p>\n","protected":false},"excerpt":{"rendered":"<p>Jenna SOUFI PsychologueEnfant\/adolescent &amp; orientation scolaireMon site est en cours de construction mais vous pouvez d\u00e8s \u00e0 pr\u00e9sent prendre rendez-vous sur Doctolib via le lien ci-dessous.J\u2019accompagne les enfants et adolescents ainsi que leurs familles en leur offrant un espace de parole et d\u2019\u00e9coute dont ils ont besoin pour aborder les difficult\u00e9s rencontr\u00e9es. En consultation individuelle, [&hellip;]<\/p>\n","protected":false},"author":1,"featured_media":0,"parent":0,"menu_order":0,"comment_status":"closed","ping_status":"closed","template":"","meta":{"_et_pb_use_builder":"on","_et_pb_old_content":"","_et_gb_content_width":"","om_disable_all_campaigns":false,"_monsterinsights_skip_tracking":false,"_monsterinsights_sitenote_active":false,"_monsterinsights_sitenote_note":"","_monsterinsights_sitenote_category":0},"aioseo_notices":[],"_links":{"self":[{"href":"https:\/\/jennasoufi-psychologue.fr\/index.php\/wp-json\/wp\/v2\/pages\/108"}],"collection":[{"href":"https:\/\/jennasoufi-psychologue.fr\/index.php\/wp-json\/wp\/v2\/pages"}],"about":[{"href":"https:\/\/jennasoufi-psychologue.fr\/index.php\/wp-json\/wp\/v2\/types\/page"}],"author":[{"embeddable":true,"href":"https:\/\/jennasoufi-psychologue.fr\/index.php\/wp-json\/wp\/v2\/users\/1"}],"replies":[{"embeddable":true,"href":"https:\/\/jennasoufi-psychologue.fr\/index.php\/wp-json\/wp\/v2\/comments?post=108"}],"version-history":[{"count":20,"href":"https:\/\/jennasoufi-psychologue.fr\/index.php\/wp-json\/wp\/v2\/pages\/108\/revisions"}],"predecessor-version":[{"id":148,"href":"https:\/\/jennasoufi-psychologue.fr\/index.php\/wp-json\/wp\/v2\/pages\/108\/revisions\/148"}],"wp:attachment":[{"href":"https:\/\/jennasoufi-psychologue.fr\/index.php\/wp-json\/wp\/v2\/media?parent=108"}],"curies":[{"name":"wp","href":"https:\/\/api.w.org\/{rel}","templated":true}]}}